32
In base 9, what is -1124 - -360588?
358464
In base 2, what is 1111000001 - 101000100?
1001111101
In base 14, what is -12d - 1486c?
-1499b
In base 12, what is -1582561 + 12?
-158254b
In base 16, what is -997b - -4e?
-992d
In base 3, what is 1020212111221 - 211?
1020212111010
In base 16, what is -7cd5 + -2ce9?
-a9be
In base 9, what is 32 - -1003747?
1003780
In base 3, what is 120100002112 + -210?
120100001202
In base 7, what is 21546404 + -135?
21546236
In base 3, what is -201002011 + -1120111111?
-2021120122
In base 11, what is 494a49 - -54?
494aa2
In base 4, what is 3 - -101020010332?
101020011001
In base 15, what is 1a - 3d686?
-3d66b
In base 6, what is 3305032 + -11?
3305021
In base 8, what is -76 + 46654?
46556
In base 7, what is 4 + -14344001?
-14343664
In base 4, what is 100 - 10002131021?
-10002130321
In base 5, what is 1444012211 + -10?
1444012201
In base 12, what is 8b95 + 2228?
b201
In base 3, what is 20212011 + -2211210?
11000101
In base 15, what is -7 - -9cc828?
9cc821
In base 13, what is -1490369 + 4?
-1490365
In base 6, what is 312 - -411444?
412200
In base 15, what is 1aa413 - -12?
1aa425
In base 16, what is -709 - 2726?
-2e2f
In base 15, what is 4b9 + 62b9c?
63166
In base 4, what is 32 + 132302311110?
132302311202
In base 14, what is 18 - 1bd2385?
-1bd236b
In base 15, what is -85557 + 9d?
-854a9
In base 3, what is -12 + 222001022010?
222001021221
In base 6, what is 1152441 + 510?
1153351
In base 13, what is -5b + 11434c?
1142c1
In base 5, what is 102102 + 20303?
122410
In base 13, what is -2 - -3c18bc33?
3c18bc31
In base 15, what is -9 + -224cbee?
-224cc08
In base 11, what is -23853753 + -5?
-23853758
In base 4, what is -2 - -11023330101133?
11023330101131
In base 4, what is -2101310 + 10300?
-2031010
In base 8, what is 167516 + -1277?
166217
In base 11, what is 23150 - -127?
23277
In base 15, what is -4 - -a9ab5?
a9ab1
In base 5, what is -2212340103 - 4?
-2212340112
In base 8, what is -6 - -6400625?
6400617
In base 7, what is 62153 + 35446?
130632
In base 13, what is -a33a23 + -4?
-a33a27
In base 15, what is -955468c + -5?
-9554692
In base 15, what is 8b121 + 4?
8b125
In base 14, what is 48 - -25db2?
2601a
In base 4, what is 1303330003303 + 132?
1303330010101
In base 2, what is 100000000101 + -11110110011?
1010010
In base 6, what is 5 + -35032325124?
-35032325115
In base 7, what is 2003655611 - 4?
2003655604
In base 2, what is 10 + -10011100000110111111010010000?
-10011100000110111111010001110
In base 9, what is -47056 - -30668?
-16277
In base 13, what is -cbc - 10844?
-11833
In base 5, what is -21 - 2131243103?
-2131243124
In base 5, what is -40014432320 + 10?
-40014432310
In base 8, what is -75 - -615704?
615607
In base 12, what is 1 + 2291392?
2291393
In base 12, what is 7ba8 + 2002?
9baa
In base 7, what is 5 + -105422206?
-105422201
In base 6, what is -1325512024 + -3?
-1325512031
In base 5, what is 14320304 - 1122?
14314132
In base 11, what is -7 + 21a51a?
21a513
In base 16, what is 7c8a8 - 78?
7c830
In base 12, what is -1b069 - -299?
-1a990
In base 6, what is 414050401 - -1?
414050402
In base 13, what is 1548 - 21ac8?
-20580
In base 2, what is 101000010010000011111100110 + -1?
101000010010000011111100101
In base 10, what is -5407833 + 0?
-5407833
In base 11, what is 2416 - 2444?
-29
In base 8, what is 110046400 - -6?
110046406
In base 11, what is -376 - -97106?
96840
In base 2, what is 100110 - -111101000011011111001?
111101000011100011111
In base 13, what is a + 597ca28?
597ca35
In base 2, what is -1001110001 - -1010001111110100?
1010000110000011
In base 8, what is 226263543 - -4?
226263547
In base 4, what is -1 - -131220310321?
131220310320
In base 4, what is 1020 + 3230230211?
3230231231
In base 15, what is -15 + 33756?
33741
In base 5, what is 3 + 140320312233?
140320312241
In base 4, what is -202130212032 + -11?
-202130212103
In base 16, what is 3b23d2 + 7?
3b23d9
In base 3, what is -1101022212112 + -200?
-1101022220012
In base 11, what is -273a418 - -11?
-273a407
In base 10, what is 52208 + 42?
52250
In base 4, what is -31102011213320 + 3?
-31102011213311
In base 9, what is -11114283 + 4?
-11114278
In base 9, what is -757372445 + 5?
-757372440
In base 7, what is -50 + -34053242?
-34053322
In base 12, what is 23 + -47304?
-472a1
In base 2, what is -100000101001010 + 100011101110100?
11000101010
In base 10, what is 11866032 - 0?
11866032
In base 8, what is -7460104 - -162?
-7457722
In base 6, what is -4230230 + 2421?
-4223405
In base 6, what is 3022 + -1013050?
-1010024
In base 13, what is a - 13891a56?
-13891a49
In base 8, what is -132604562 + -2?
-132604564
In base 10, what is -3 + 11991753?
11991750
In base 3, what is -10101120102222001 - -101?
-10101120102221200
In base 9, what is 12468861 - -15?
12468876
In base 3, what is -1 + 11102022011000000?
11102022010222222
In base 14, what is 4156 + -6217?
-20a1
In base 16, what is -18 - -3a8537?
3a851f
In base 2, what is -111011010010010011011111011 - 11?
-111011010010010011011111110
In base 6, what is -3124024 - 1210?
-3125234
In base 15, what is 658 - 1ac1?
-1468
In base 4, what is -202002221 - 12113?
-202021000
In base 15, what is 1286a6 - -3?
1286a9
In base 13, what is -880 + 1ab672?
1aaac2
In base 5, what is -2030211 - -240130?
-1240031
In base 11, what is -1483489 + 3?
-1483486
In base 6, what is -12124351030 + -1?
-12124351031
In base 3, what is 111 - -11011002100200?
11011002101011
In base 15, what is 6e406 - 44?
6e3b2
In base 7, what is -4 + 3124342430?
3124342423
In base 15, what is 79 - -9a49c9?
9a4a53
In base 11, what is -23445 + 9a?
-23356
In base 7, what is 102241410 + 3?
102241413
In base 12, what is -3 + -1385b62?
-1385b65
In base 2, what is -111111101 + 1000000110011101010?
1000000101011101101
In base 8, what is 540535 + -437?
540076
In base 5, what is 4 + 121043133131?
121043133140
In base 15, what is c8115a + 0?
c8115a
In base 16, what is 4 + 8ab13?
8ab17
In base 9, what is 85 + 2363166?
2363262
In base 6, what is -12013 - 1135104?
-1151121
In base 16, what is -1e9d0d - -3?
-1e9d0a
In base 13, what is 7 + 24958c?
249596
In base 3, what is 11111220 - -21110221201?
21122110121
In base 9, what is 108 - 816371?
-816262
In base 11, what is 47 + 83973?
83a0a
In base 5, what is -12420304144 - -12?
-12420304132
In base 11, what is -12793 - 690?
-13373
In base 15, what is 621 + -1ca3a?
-1c419
In base 5, what is 4320201 - -3011?
4323212
In base 5, what is -4042204313 + 4?
-4042204304
In base 14, what is -1400cd - -b?
-1400c2
In base 14, what is -3b18 - d765?
-1347d
In base 5, what is -3 - -2130401112?
2130401104
In base 15, what is 14b + -13ae4?
-13998
In base 3, what is 111 - -2020212001022?
2020212001210
In base 16, what is a2a0 + -16?
a28a
In base 11, what is -183765 + 873?
-1829a2
In base 9, what is -2 + -2568116?
-2568118
In base 7, what is 6120433 - 5?
6120425
In base 14, what is 10 - 12c3c2?
-12c3b2
In base 10, what is 334251 + -42?
334209
In base 3, what is 1121 + 12012000002222?
12012000011120
In base 11, what is -10 - 20615?
-20625
In base 3, what is -12102000200 - -2122000?
-12022101200
In base 16, what is -4f + 1c4e3?
1c494
In base 12, what is -9410 - 4b3?
-9903
In base 5, what is -43102 - 14212?
-112314
In base 16, what is -477 + 84426?
83faf
In base 3, what is -112100 + -112220022?
-120102122
In base 9, what is 23474 - 24600?
-1115
In base 3, what is -121200 + -1202210210?
-1210102110
In base 11, what is 58 + -3843210?
-3843163
In base 6, what is -5335102 + 55?
-5335003
In base 8, what is -3171417020 - 3?
-3171417023
In base 16, what is 6 - -1fbf?
1fc5
In base 6, what is 50341 - 53042?
-2301
In base 16, what is 30 + 1f8f28?
1f8f58
In base 16, what is -7b9 + -9d3?
-118c
In base 14, what is 11593 - 6363?
9230
In base 3, what is -1211001211011201 - 21?
-1211001211011222
In base 9, what is -1186221713 + 5?
-1186221707
In base 5, what is -122030 + 330142?
203112
In base 7, what is 24 - 2664166?
-2664142
In base 13, what is 369 - 14b2?
-1146
In base 3, what is 11010120220011002 + 12?
11010120220011021
In base 16, what is 0 - -f867b5?
f867b5
In base 4, what is 22122 - -231030?
313212
In base 16, what is 4c7c6 - 17?
4c7af
In base 16, what is -635d8 + 162?
-63476
In base 15, what is -4c - -2a2b6?
2a269
In base 2, what is 101100001010110 - 1100000101